e factors of q?
2, 5, 31
Let h(k) = 9*k**2 - 117*k - 101. List the prime factors of h(29).
5, 163
Suppose 0 = r + 5*c - 35946, 178355 = 5*r - c - 1427. What are the prime factors of r?
2, 89, 101
Let v(a) = 10*a**2 - 13*a - 41. Let i(l) = -9*l**2 + 12*l + 42. Let y(o) = -5*i(o) - 4*v(o). What are the prime factors of y(11)?
3, 157
Suppose -3*a = -1247 + 476. Suppose 2*p = -2*p - w + 311, 0 = -3*p + 4*w + a. Suppose -p - 125 = -y. What are the prime factors of y?
2, 3, 17
Suppose -57*p = 41*p - 662186. What are the prime factors of p?
29, 233
Let y(r) = -5*r + 46*r - 22*r - 15. Let n be y(13). Suppose 0 = -5*z - 3*z + n. What are the prime factors of z?
29
Suppose 18*q + 79*q = 702183. What are the prime factors of q?
3, 19, 127
Let a = 438 - 310. Let z = a + -21. Let x = z - 62. What are the prime factors of x?
3, 5
Suppose 3*v + m = 3*m + 8, -30 = -5*v - 5*m. Suppose 2*c = v - 68. Let r = c - -63. List the prime factors of r.
31
Suppose 0 = 9670*s - 9653*s - 17136. List the prime factors of s.
2, 3, 7
Let p = -139 - -76. Let v be 18/p - (-4036)/14. Suppose -v + 1751 = 7*b. What are the prime factors of b?
11, 19
Suppose -39*d + 482638 + 364130 = 0. What are the prime factors of d?
2, 23, 59
Let y(q) = -7*q + 12. Let i(f) = 7*f - 4. Let m be i(1). Suppose -m*b - 5*b = 72. List the prime factors of y(b).
3, 5
Let o(g) = 2*g**3 + 8*g**2 + 3*g - 2. Let y be (90/40)/((-6)/16). Let r be o(y). Let t = 15 - r. What are the prime factors of t?
179
Let w = 301 - 299. What are the prime factors of (5/2)/(w/4) + 352?
3, 7, 17
Let c be (4 - 28)/(-4)*(-4)/(-8). Let t be c*(-2)/(-7 - -5). Suppose -340 = -4*b + 4*p, t*b = b - 2*p + 178. List the prime factors of b.
3, 29
Let k be (-156)/8*-4*47/6. Let n = -250 + k. List the prime factors of n.
19
Let f(o) = 206*o**3 + 13*o**2 - 149*o - 78. List the prime factors of f(7).
2, 13, 2699
What are the prime factors of 5562353/471 + (15/9)/5?
2, 5, 1181
Let b be (6 - (-118)/2) + 6. Suppose 3*l + b - 884 = 0. List the prime factors of l.
271
Let d(o) = 36*o**2 + 23*o + 103. List the prime factors of d(-14).
3, 43, 53
Let t = -736 + 1762. Suppose 0 = 5*x - g - 1293, -3*x + 7*x - 5*g = t. List the prime factors of x.
7, 37
Suppose 0 = -2*k - 4*r + 61576, 11*k - 6*r - 154068 = 6*k. List the prime factors of k.
2, 3, 17, 151
Let c(o) = o**3 - 59*o**2 + 222*o + 134. List the prime factors of c(55).
2, 61
Let k = -2776 + 14178. What are the prime factors of k?
2, 5701
Suppose 6*t - 27*t + 7*t + 237104 = 0. List the prime factors of t.
2, 29, 73
Suppose -3*r + 4*r - 3*z - 907 = 0, 0 = r - 5*z - 899. Suppose r = w - k, 10*w - 11*w + 925 = 2*k. List the prime factors of w.
3, 307
Let j = -957 - -484. Let i = 693 + j. What are the prime factors of i?
2, 5, 11
Let g = 12 + 5. Suppose -33*w + 438 = -1443. Let f = g + w. What are the prime factors of f?
2, 37
What are the prime factors of 103510894/4518 + 4/18?
3, 7, 1091
Let g(h) = h + 20. Let b be g(-13). Suppose -420 = -0*t - b*t. Suppose 0*j + p + 62 = 3*j, -t = -2*j - 4*p. What are the prime factors of j?
2, 11
Suppose -24 = -0*s - 4*s. Suppose 0 = a - 4*a - 5*c, 4*a = 3*c. Suppose -3*d + s*d - 111 = a. List the prime factors of d.
37
Suppose 5*s + 4115 = p, 4115 = p + 45*s - 42*s. What are the prime factors of p?
5, 823
Let k(v) = -738*v - 130. Let p be k(-6). Let r = p + -2697. List the prime factors of r.
1601
Let i = 955 + -981. Let r(q) = q**2 - 38*q - 48. List the prime factors of r(i).
2, 101
Suppose 0 = -31*w - 87*w + 859158. What are the prime factors of w?
3, 809
Let t = 804 - 794. Suppose -4*l - 5*d = -3894, -3*l - 9*d + 2930 = -t*d. List the prime factors of l.
2, 61
Let f = -102 - -218. Suppose 0 = -2*l + 8 + f. Suppose l = 2*j - 100. List the prime factors of j.
3
Let f(m) = 267*m - 10. Let i be f(1). Suppose i - 2303 = -11*u. List the prime factors of u.
2, 3, 31
Suppose 21 = -2*f - 5*l, -2*l + 14 = 5*f + 35. Let c = -150 + 56. List the prime factors of f - c - (-3 + 0).
2, 47
Suppose 4*b = -4*f - 96, 1 - 5 = f. Let l(p) = 3*p**2 + 27*p + 103. List the prime factors of l(b).
7, 109
Let c be -82 + 4 + 0 + 2. Suppose 2*d = -3*d + 7505. What are the prime factors of (d/c)/((-2)/8)?
79
What are the prime factors of (-16 + 1)/(321/(-345182))?
2, 5, 1613
Let a be 5/10 + (1 - 61/(-2)). Suppose -q = -3*s + 4*q + 37, -4*q = -3*s + a. Suppose 5*c = 0, -2*c + 22 = s*o - 38. What are the prime factors of o?
3, 5
Suppose 2*l - 12 = -4*a, 0 = -a - a + l + 6. Suppose 4*q - 682 + 34 = 4*w, 5*q + a*w - 842 = 0. List the prime factors of q.
2, 83
Let s = -8 - 7. Let x be 12/s*(-5)/2. What are the prime factors of (x + (-45)/6)/((-9)/90)?
5, 11
Let v(l) = -1073*l - 904. What are the prime factors of v(-6)?
2, 2767
Suppose -22*s = -25*s + 30. List the prime factors of 4/(32/80 - 3/s).
2, 5
Let c(d) = -109*d - 1178. List the prime factors of c(-16).
2, 283
Let f = 1997 + -1364. Suppose -f = -2*r + 3463. What are the prime factors of r?
2
Let a be (-136)/(-22) - (-2)/(-11). Let x be a/4 + 159/(-6). What are the prime factors of 4*x/10*16/(-5)?
2
Suppose 197*h - 15425 = 192*h. What are the prime factors of h?
5, 617
List the prime factors of (((-2023)/14)/17 - -9)/((-3)/(-67818)).
89, 127
Let k(h) = h**2 - 14*h - 21. Let n be k(16). Suppose 6*x + 1645 = n*x. What are the prime factors of x?
7, 47
Let o(c) = 4*c - 98. Let b be o(25). Suppose 0 = b*a + 58 - 544. List the prime factors of a.
3
Let o(x) be the first derivative of 19/2*x**2 + 6 + 15*x. What are the prime factors of o(3)?
2, 3
Let p(x) = 2*x**2 + 71*x - 31. Let h be p(-36). Suppose 5*y = -5*g + 7425, -13*y + 18*y = h*g + 7395. List the prime factors of y.
2, 3, 13, 19
Let q = 27048 - 6733. What are the prime factors of q?
5, 17, 239
Let q = -29 + 32. Suppose -4*p = -q*s - 243, p = -0*p + 5*s + 65. Suppose -c - 3*c + p = 2*t, 5*c + 120 = 4*t. What are the prime factors of t?
2, 3, 5
Let r(a) = 8*a**2 + 11*a + 64. Let m be r(-8). Let o = -346 + m. What are the prime factors of o?
2, 71
Let y be 1/1*(0 + 3). Suppose 5*h - 21 = -y*g, -2 + 11 = h + 3*g. Suppose -14*v + 638 = -h*v. List the prime factors of v.
2, 29
Let w = -3327 + 7679. Suppose -5*g + 9*g + 4376 = 4*c, -4*c - 4*g + w = 0. What are the prime factors of c?
1091
Let p(v) be the first derivative of 14*v**3/3 + 25*v**2/2 + 10*v - 21. What are the prime factors of p(-4)?
2, 67
Let i = 27 + -40. Let r(x) = -x**2 + 2*x. Let f be r(i). Let j = f + 278. List the prime factors of j.
83
Suppose 2 = -2*l, 3*u + 6*l = 2*l + 884. Let a = u - 219. List the prime factors of a.
7, 11
Let w be (-7)/(-3) - 32/(-48). Suppose 10 = 2*t + l, -5*t - w*l = -0*l - 27. Suppose 0 = -q - 5*k + 68, 4*k = t*q - 0 - 280. List the prime factors of q.
2, 11
Suppose -5*m = -p + 32296 + 35851, 4*p + m - 272399 = 0. What are the prime factors of p?
2, 17, 2003
Suppose 4*i - 46 = 202. Let k = i - 17. Let w = k - -16. List the prime factors of w.
61
Let b = 18 + -30. Let q be (-134 + b)*(-2)/4. Suppose 46 = h - 2*r, -5*r - q - 63 = -3*h. What are the prime factors of h?
2, 3, 7
Suppose -5966 = 4*b - 33674. List the prime factors of b.
3, 2309
Suppose -3*s - 8*p + 5*p + 8364 = 0, -3*s = -2*p - 8394. List the prime factors of s.
2, 11, 127
Let z(n) = -347*n - 329. List the prime factors of z(-20).
11, 601
Let p(l) = -l**3 + 16*l**2 + 19*l - 31. Let n be p(17). Let j(m) = 326*m - 91. What are the prime factors of j(n)?
887
Suppose s = -4*v - 8110, 546 + 1474 = -v - 4*s. Let x = -1119 - v. List the prime factors of x.
3, 101
Suppose -7*a + 43 = -230. Suppose 3*o + 2*c = -a, -o - o - c - 25 = 0. List the prime factors of 1474/o*(-1)/2.
67
Let f be (-1 - 114/(-2))*1. Let n be 174/(-957)*11/(-2). What are the prime factors of 1/(n/9*21/f)?
2, 3
Suppose -58*h + 56*h = -d - 53753, 5*h + 5*d - 134450 = 0. What are the prime factors of h?
26881
Let r = -203 + 190. Let c(v) = -v**3 - 16*v**2 - 44*v + 12. What are the prime factors of c(r)?
7, 11
Suppose -3*x - 23213 = -2*o, 166*o + 3*x = 164*o + 23195. What are the prime factors of o?
2, 5801
Suppose 3181319 = 118*y - 442579. List the prime factors of y.
3, 29, 353
Let y(t) = -t**2 + 2*t + 7. Let z be y(0). Suppose -3*k - z*k + 4010 = 0. Suppose 4*f - 4*c = c + k, 391 = 4*f + 5*c. List the prime factors of f.
3, 11
Let k(o) = -497*o + 8401. What are the p